mmon divisor of 231 and f.
21
Suppose 17*z + 4812 = 21*z + 5*c, 4*c = -3*z + 3610. Let y be (-164)/(-32) + -5 - z/(-16). Calculate the greatest common factor of y and 175.
25
Suppose 8 = -v + 33. Let c be ((-3 - -2)*3)/(12/1024). Let j = -231 - c. Calculate the highest common factor of j and v.
25
Let f = 16417 + -16185. Calculate the highest common factor of 66 and f.
2
Let b = 47 + -8. Let g be (-5)/10 + (-135)/(-2). Suppose g = 4*s + 15. What is the greatest common divisor of b and s?
13
Suppose 5*t + 222 = i, 2*i - 5*t = -110 + 559. Suppose -4*n - 176 = -4*a, -5*a + i = -n + 3*n. Calculate the highest common divisor of a and 135.
45
Let c(w) = w**3 + 36*w**2 - 154*w - 2501. Let s be c(-34). Calculate the highest common factor of 309 and s.
103
Let x(a) = 28*a**2 - 13*a + 71. Let u be x(6). What is the greatest common factor of u and 154?
77
Let k = 154 - 152. Let v be 4 + (-72)/56 + k/7. Let n(u) = -u**2 - 8*u. Let f be n(-6). Calculate the greatest common factor of f and v.
3
Suppose -956 - 1530 = -2*g - 3*w, -w + 6228 = 5*g. Suppose -70 = 8*h - g. Let o = 24 + -3. What is the greatest common divisor of h and o?
21
Let p be (-8 + (-455)/(-28))/(5/60). Calculate the highest common factor of p and 1023.
33
Suppose -9 = -4*s + 7. Suppose 46*b = 50*b + 680. Let v = -169 - b. What is the highest common divisor of v and s?
1
Let b be 570/38*2/(-6) - -48591. Calculate the greatest common factor of b and 34.
34
Let o be 2/(-3)*(-1 - 14). Suppose -o*m + 17*m = -364. Let b = -51 - m. Calculate the highest common divisor of 1 and b.
1
Let v(i) = 7*i**2 + i - 328. Let j be v(16). Calculate the highest common factor of j and 222.
74
Let o = 28 - 21. Let a = o + 571. Calculate the highest common factor of 34 and a.
34
Suppose -14*n = -19*n, 3*l - 1044 = 3*n. Calculate the highest common factor of 116 and l.
116
Suppose 16*i = 22*i - 432. Suppose -3*b + 95 = 5*l, -4*l + 5*b + 0*b + 39 = 0. What is the greatest common factor of l and i?
8
Suppose 5*w + 3*h = 2532, -43*h + 16 = -39*h. Calculate the greatest common factor of 588 and w.
84
Let h = 154 + -125. Suppose 4*b + 3*a - 39 = 0, 4*b = a + h - 10. Suppose -2*v = 3*m - m + 4, 5*m + v = b. Calculate the highest common factor of 10 and m.
2
Suppose 6048 = 4*o + 4*p, -5*o = 4*p - 11497 + 3931. What is the greatest common factor of o and 429?
33
Suppose -30*q + 10892 = -24319 - 14289. What is the highest common divisor of 60 and q?
30
Suppose -65 = -f - 5*y, 4 = -f + y + 39. Suppose -8186 = -66*k - 2906. Calculate the highest common factor of k and f.
40
Let p = 14599 - 14585. Calculate the greatest common divisor of p and 15344.
14
Let s be 319 - ((-480)/15 - -12). Calculate the highest common divisor of s and 30.
3
Let q = 121 + -128. Let k be -7 - (4 - (q - -29)). Calculate the highest common divisor of 2 and k.
1
Suppose -18*d + 5720 = 4*n - 13*d, -2*n + 5*d = -2830. What is the highest common divisor of 57 and n?
57
Let p(a) = -15*a - 131. Let m be (96/20)/(-8) - (-186)/(-15). Let z be p(m). What is the greatest common factor of z and 96?
32
Suppose -21123 + 7923 = -150*x. Calculate the highest common factor of 3608 and x.
88
Suppose 0 = -102*b - 55*b + 264209 + 102700. Calculate the highest common factor of 246 and b.
123
Let o(i) = -261*i - 1014. Let r be o(-4). Calculate the highest common factor of 1815 and r.
15
Suppose 4*n = 4*o + 2 + 2, -4*o + 1 = -3*n. Let v be (-11 + 16)*4/n. Let s be (1 - 4) + v + 62. Calculate the highest common divisor of 9 and s.
9
Let t be -14*(2 - (-96)/(-12)). Calculate the greatest common divisor of 108 and t.
12
Let y(m) = 8*m**2 - m. Let j be y(1). Suppose a + 3*n - 39 = 0, -j*a + 215 = -2*a - 5*n. Suppose -7*x + a = -0. What is the highest common factor of 15 and x?
3
Suppose 88*i + 68*i = 300612. Calculate the highest common divisor of i and 287.
41
Let x = -88 - -124. Suppose -21*o = -38*o + 408. Let c be (-32)/(-7) + o/(-42). Calculate the greatest common divisor of x and c.
4
Let c(k) = k**3 + 17*k**2 - 15*k - 227. Let y be c(-17). Calculate the greatest common factor of 1148 and y.
28
Let v be 6/(-45) + 608/60 + -5. Suppose -d = 5*q - 755, v*d = 15 + 10. What is the greatest common factor of 90 and q?
30
Suppose 10*w + 99*w - 1625 = -16*w. What is the greatest common divisor of 50219 and w?
13
Suppose 5*k = -30, 3*p - 7*p = -3*k - 578. What is the highest common divisor of p and 420?
140
Suppose 0 = m + 2*f + 68, 3*m + 244 = -f + 3*f. Let o be (-3 + m/24)/((-1)/8). What is the highest common divisor of o and 40?
10
Suppose 4*o - 146251 = -b, o - 5*b = 16094 + 20453. What is the highest common divisor of 404 and o?
202
Let q(m) = 12*m**2 - 29*m + 48. Let s be q(-16). Calculate the greatest common factor of s and 336.
112
Let p = -5158 + 5234. Suppose 10 = -5*f, 5*s + f - 85 = 388. Calculate the highest common divisor of p and s.
19
Let y be (120/16 + -6)*22. What is the highest common factor of y and 143?
11
Let i(f) = 5*f**2 + 3*f - 19. Let t be i(3). Suppose t = -4*p + 43. What is the greatest common divisor of 122 and p?
2
Let p = 5727 + -5241. Calculate the highest common divisor of 6 and p.
6
Suppose 4*s = 7 + 5. Suppose 29*y + 9 = 30*y. Suppose -s + y = 3*a. What is the highest common divisor of a and 10?
2
Let o(z) be the first derivative of 38*z**4 - 2*z**3/3 - 3*z**2 + 8*z - 124. Let r be o(2). Calculate the greatest common factor of 14 and r.
14
Let k be (-693)/6*9/(189/(-112)). What is the highest common divisor of 440 and k?
88
Let k be 20/(-45) + ((-29)/9 - -3)*-4790. What is the highest common divisor of k and 456?
152
Suppose 9*y - 363 = -300. Suppose 0*c = -4*c + 868. Calculate the greatest common divisor of c and y.
7
Let k = -9 - -99. Let h be (-3 - 24/(-9))/((-3)/k). Suppose h - 172 = -2*w. What is the highest common factor of 9 and w?
9
Suppose 2*c - 200 + 50 = 0. Let m be (-459)/(-136) + (-6)/16. Suppose -m*l + 4*z = -83, 16 = l + 4*z - 1. What is the greatest common divisor of c and l?
25
Let s be (-1 - (-7)/4) + ((-8253)/(-84) - 27). What is the greatest common divisor of s and 24?
24
Let w(c) = c**2 - 4 - 3*c - 2*c**2 - 2*c**3 + 9*c. Let y be w(-3). Suppose 19*s + 144 = y*s. What is the highest common divisor of 18 and s?
18
Let v be (10/2)/(13 + -12). Suppose h - 10 = 2*n + 4, 100 = v*h - 4*n. What is the greatest common divisor of h and 8?
8
Let i be (2 - 5)*1*(-196)/6. Suppose -4*x + 2*f = 34 - 224, 0 = -2*x + 2*f + i. What is the greatest common factor of x and 92?
46
Let w be 5 + 3 + -5 - 61/(-1). Let h = -56 + w. What is the highest common factor of 184 and h?
8
Suppose -156*z + 4*m = -155*z - 641, -3*z + 1963 = -2*m. Calculate the highest common divisor of 1387 and z.
73
Suppose 4*b + 3*r - 57 = 0, 5*b + 2*r = -4 + 84. Suppose f = 10*f - b. Calculate the highest common factor of 62 and f.
2
Let o = -1307 + 1956. Suppose -32*v + 502 = -1386. Calculate the greatest common factor of v and o.
59
Suppose -19*k + 26*k - 1127 = 0. Suppose 0 = -176*b + k*b + 1155. Let v = 15 + -4. Calculate the greatest common divisor of b and v.
11
Let w(h) = 410*h**2 + 5*h - 7. Let i(g) = g**3 + 25*g**2 + 26*g + 49. Let p be i(-24). Let f be w(p). What is the highest common divisor of 51 and f?
51
Let a be (-208096)/(-12) - (-35)/(-15) - 5. Calculate the highest common divisor of a and 324.
162
Let c = 330 + -325. Suppose -659 = -3*u + 2*b, 0 = c*u + 2*b - 1517 + 440. What is the highest common divisor of u and 31?
31
Suppose 154*u = 5382 - 4430 + 75740. What is the greatest common divisor of u and 12?
6
Let m be (-40)/(-1980)*-11 + (-328)/(-18). Calculate the greatest common divisor of m and 402.
6
Suppose -145 = 3*n - 22. Let d = n - -59. Let w = -15 + d. What is the greatest common factor of w and 1?
1
Let m = 12 + -6. Let b be ((-4)/(-1))/(m/(-3)). Let d be -1 + b - 9/2*-10. Calculate the highest common factor of 70 and d.
14
Let c(d) = d**3 + 19*d**2 - 289*d - 1. Let l be c(10). What is the greatest common divisor of 6057 and l?
9
Let m(h) = -9*h**3 + 10*h + 10*h**3 - h + 49*h**2 - 53*h**2. Let x be m(4). Calculate the highest common divisor of 162 and x.
18
Suppose 33*w - 83*w = -43*w - 7. What is the highest common factor of 27 and w?
1
Let x(n) = 254*n - 507*n + 33 + 256*n. Let r be x(-8). Let q(s) = -s**3 + 7*s**2 + 7*s + 3. Let h be q(6)